 54550 and 8728.
2182
What is the greatest common factor of 204 and 15108?
12
What is the highest common factor of 77178 and 266?
38
What is the greatest common factor of 496112 and 28?
4
Calculate the highest common divisor of 139108 and 14276.
332
Calculate the highest common factor of 28225 and 45.
5
What is the greatest common divisor of 444 and 4908?
12
Calculate the highest common factor of 28 and 363510.
14
What is the highest common divisor of 475816 and 264?
88
What is the highest common divisor of 412 and 3446998?
206
Calculate the greatest common divisor of 5330 and 1312.
82
What is the highest common factor of 450 and 1013562?
18
Calculate the highest common factor of 42 and 360801.
21
What is the highest common factor of 10421 and 901?
17
Calculate the greatest common factor of 189 and 137557.
7
What is the highest common divisor of 56404 and 2124?
236
Calculate the highest common divisor of 4498100 and 10.
10
Calculate the highest common divisor of 105 and 1287930.
105
What is the greatest common factor of 5199 and 53?
1
Calculate the highest common factor of 41158 and 78.
26
What is the greatest common factor of 625003 and 113?
113
Calculate the greatest common divisor of 490 and 166404.
98
Calculate the greatest common factor of 77 and 197701.
7
What is the highest common divisor of 596 and 396936?
596
Calculate the highest common factor of 233963 and 43.
43
Calculate the greatest common factor of 621 and 89976.
69
Calculate the highest common factor of 340 and 5865.
85
What is the highest common divisor of 20 and 1788590?
10
Calculate the greatest common divisor of 1416 and 27081.
177
What is the highest common divisor of 536 and 41205?
67
What is the greatest common factor of 13211 and 15334?
11
Calculate the highest common divisor of 5872791 and 47.
47
What is the greatest common factor of 16 and 148312?
8
Calculate the greatest common factor of 1308 and 3012.
12
Calculate the highest common divisor of 1800 and 402925.
25
Calculate the greatest common factor of 474 and 3782362.
158
What is the greatest common factor of 524 and 242612?
524
Calculate the greatest common factor of 130 and 256560.
10
Calculate the greatest common divisor of 206280 and 80.
40
Calculate the greatest common divisor of 101900 and 520.
20
Calculate the highest common factor of 178357 and 59.
59
What is the highest common factor of 30995 and 15?
5
What is the highest common divisor of 5 and 13315?
5
What is the highest common divisor of 5748 and 492?
12
Calculate the highest common factor of 106 and 662288.
106
Calculate the highest common divisor of 63 and 7326.
9
What is the highest common factor of 55 and 196955?
55
What is the highest common factor of 39 and 205894?
13
Calculate the greatest common factor of 1578368 and 59.
59
What is the highest common factor of 19426 and 5126?
22
Calculate the greatest common factor of 1140251 and 548.
137
What is the greatest common factor of 356651 and 83?
83
Calculate the highest common factor of 825 and 1452.
33
Calculate the highest common divisor of 44689 and 1856.
29
What is the greatest common divisor of 213275 and 4041?
449
What is the greatest common divisor of 76 and 1884?
4
Calculate the greatest common divisor of 27 and 90324.
9
What is the highest common divisor of 4391490 and 10?
10
Calculate the highest common divisor of 39 and 488865.
39
Calculate the highest common divisor of 1756 and 378857.
439
Calculate the greatest common factor of 10928 and 368.
16
Calculate the greatest common factor of 48230 and 78.
26
What is the highest common factor of 952 and 128996?
476
What is the highest common divisor of 992 and 2201?
31
What is the highest common divisor of 41460 and 1140?
60
Calculate the highest common divisor of 219 and 1387.
73
What is the greatest common divisor of 35 and 2454095?
35
What is the highest common factor of 1494 and 162182?
166
Calculate the greatest common factor of 1396848 and 480.
48
What is the highest common divisor of 207214 and 2542?
82
Calculate the greatest common factor of 6084 and 60.
12
What is the highest common factor of 120096 and 279?
9
Calculate the highest common divisor of 5342603 and 617.
617
What is the highest common factor of 204 and 27780?
12
Calculate the highest common divisor of 31297 and 34.
17
What is the highest common divisor of 132 and 32428?
44
What is the greatest common factor of 41 and 25871?
41
What is the highest common factor of 2682876 and 84?
84
What is the highest common divisor of 630262 and 632?
158
Calculate the highest common divisor of 610037 and 313.
313
Calculate the highest common divisor of 173 and 109163.
173
Calculate the highest common divisor of 988988 and 152.
76
Calculate the greatest common factor of 18358 and 411.
137
Calculate the greatest common factor of 52514 and 10850.
434
Calculate the highest common divisor of 220 and 241252.
44
Calculate the greatest common divisor of 800 and 10100.
100
Calculate the greatest common factor of 1126075 and 775.
775
Calculate the highest common factor of 631 and 2051381.
631
What is the greatest common factor of 21345 and 24?
3
What is the greatest common factor of 141 and 10675627?
47
Calculate the greatest common factor of 89790 and 12095.
205
What is the greatest common factor of 36304 and 14?
2
Calculate the highest common divisor of 641079 and 874.
437
Calculate the highest common factor of 84 and 300.
12
What is the highest common factor of 1008 and 7672?
56
Calculate the greatest common divisor of 7295247 and 9.
9
What is the highest common divisor of 627 and 608?
19
What is the greatest common divisor of 23733 and 13527?
81
What is the highest common factor of 3974450 and 10150?
1450
Calculate the highest common factor of 137922 and 1524.
762
Calculate the highest common divisor of 48 and 25408.
16
Calculate the greatest common factor of 152775 and 9603.
873
Calculate the greatest common factor of 106264 and 112.
8
Calculate the greatest common factor of 39184 and 947763.
2449
What is the highest common factor of 2094 and 30?
6
Calculate the greatest common divisor of 1204 and 15708.
28
What is the highest common divisor of 921504 and 60?
12
Calculate the greatest common divisor of 490 and 14602.
98
What is the highest common factor of 164126 and 274?
274
Calculate the highest common factor of 1105 and 12610.
65
Calculate the highest common divisor of 120070 and 4.
2
What is the greatest common divisor of 54625 and 57?
19
What is the highest common factor of 1307 and 4486931?
1307
Calculate the highest common divisor of 3794 and 112.
14
Calculate the greatest common divisor of 11194 and 64496.
58
Calculate the greatest common divisor of 1978353 and 37.
37
What is the highest common divisor of 4968 and 2403?
27
What is the greatest common divisor of 260 and 34680?
20
What is the highest common factor of 34656 and 80?
16
What is the highest common divisor of 30495 and 8759?
19
What is the highest common divisor of 283365 and 54?
27
Calculate the greatest common divisor of 5326 and 642.
2
What is the greatest common divisor of 2 and 85486?
2
Calculate the highest common factor of 490 and 249410.
490
Calculate the highest common divisor of 141 and 476533.
47
What is the greatest common divisor of 33328 and 256?
16
Calculate the greatest common divisor of 8928 and 3652544.
992
Calculate the highest common factor of 162 and 38286.
54
What is the highest common divisor of 57671 and 2121?
101
What is the greatest common divisor of 151 and 5124?
1
Calculate the highest common factor of 12224 and 1248.
32
What is the highest common factor of 1276 and 3973?
29
What is the greatest common factor of 271401 and 78?
39
Calculate the greatest common divisor of 19 and 50749.
19
What is the greatest common factor of 2170 and 46998?
14
What is the highest common factor of 5 and 70145?
5
What is the greatest common divisor of 1976054 and 1994?
1994
What is the highest common divisor of 728 and 5187?
91
What is the highest common divisor of 8281 and 12544?
49
What is the greatest common factor of 4536 and 729?
81
What is the greatest common divisor of 173317 and 263?
263
What is the highest common factor of 145428 and 6?
6
Calculate the greatest common factor of 8213 and 3268.
43
What is t